n 15540910 is divided by 151?
141
What is the remainder when 234158 is divided by 605?
23
What is the remainder when 117100 is divided by 4870?
220
Calculate the remainder when 164298 is divided by 294.
246
What is the remainder when 2868605248 is divided by 30?
28
Calculate the remainder when 1421651 is divided by 475.
451
Calculate the remainder when 498065 is divided by 3133.
3051
Calculate the remainder when 204008 is divided by 208.
168
What is the remainder when 46721 is divided by 15200?
1121
What is the remainder when 12858876 is divided by 65?
56
Calculate the remainder when 4502123 is divided by 4888.
275
Calculate the remainder when 14366 is divided by 12518.
1848
What is the remainder when 6143888 is divided by 1023949?
194
What is the remainder when 159173 is divided by 182?
105
Calculate the remainder when 730131 is divided by 10581.
42
What is the remainder when 2234673 is divided by 194?
181
Calculate the remainder when 679474 is divided by 765.
154
What is the remainder when 71669520 is divided by 671?
10
Calculate the remainder when 622773139 is divided by 967.
964
What is the remainder when 575143 is divided by 1839?
1375
Calculate the remainder when 2456808 is divided by 20645.
53
Calculate the remainder when 520017 is divided by 129940.
257
What is the remainder when 3145768 is divided by 191?
189
Calculate the remainder when 27363 is divided by 10548.
6267
Calculate the remainder when 120333 is divided by 29936.
589
Calculate the remainder when 1898501 is divided by 239.
124
Calculate the remainder when 15798 is divided by 831.
9
What is the remainder when 438929 is divided by 3134?
169
What is the remainder when 160796246 is divided by 11?
6
Calculate the remainder when 251694 is divided by 1894.
1686
What is the remainder when 43450627 is divided by 1069?
53
What is the remainder when 59570 is divided by 1416?
98
What is the remainder when 23102624 is divided by 344815?
19
What is the remainder when 1144662 is divided by 4637?
3960
What is the remainder when 17948496 is divided by 17948481?
15
What is the remainder when 672407 is divided by 35369?
396
Calculate the remainder when 1600090 is divided by 78.
76
What is the remainder when 165052334 is divided by 931?
930
What is the remainder when 215936 is divided by 7436?
292
Calculate the remainder when 18826605 is divided by 682.
677
What is the remainder when 599405 is divided by 9805?
1300
What is the remainder when 21355297 is divided by 129?
121
Calculate the remainder when 17998468 is divided by 5.
3
What is the remainder when 197725 is divided by 98568?
589
Calculate the remainder when 114697962 is divided by 11246.
8
What is the remainder when 13123 is divided by 6294?
535
What is the remainder when 184270625 is divided by 342?
341
Calculate the remainder when 322345 is divided by 142.
5
What is the remainder when 3640426 is divided by 728080?
26
Calculate the remainder when 150554010 is divided by 13.
9
What is the remainder when 1875158 is divided by 539?
516
What is the remainder when 32446 is divided by 16168?
110
What is the remainder when 3515832 is divided by 11?
1
What is the remainder when 4322652 is divided by 15328?
156
What is the remainder when 1495374 is divided by 33?
12
What is the remainder when 210914 is divided by 7230?
1244
Calculate the remainder when 5640529 is divided by 6.
1
Calculate the remainder when 14699145 is divided by 308.
153
What is the remainder when 3305272 is divided by 5?
2
What is the remainder when 258842 is divided by 2783?
23
Calculate the remainder when 25978 is divided by 25963.
15
Calculate the remainder when 3525584 is divided by 96.
80
Calculate the remainder when 1098534 is divided by 2977.
21
What is the remainder when 65928 is divided by 10470?
3108
What is the remainder when 4256177 is divided by 84?
65
What is the remainder when 51163192 is divided by 58?
0
Calculate the remainder when 4342434 is divided by 39.
18
What is the remainder when 90572845 is divided by 26?
25
What is the remainder when 2029383 is divided by 88?
15
What is the remainder when 5033730 is divided by 24?
18
What is the remainder when 915020 is divided by 57?
56
Calculate the remainder when 493997 is divided by 247.
244
What is the remainder when 15261787 is divided by 2695?
2
Calculate the remainder when 16636533 is divided by 5545511.
0
What is the remainder when 135958 is divided by 44612?
2122
What is the remainder when 6294574 is divided by 1406?
1318
What is the remainder when 1395142 is divided by 724?
718
Calculate the remainder when 111028 is divided by 834.
106
What is the remainder when 653011 is divided by 14511?
16
Calculate the remainder when 3729377 is divided by 424.
297
What is the remainder when 37187 is divided by 11924?
1415
Calculate the remainder when 5252376 is divided by 82.
30
Calculate the remainder when 44950 is divided by 36.
22
What is the remainder when 1215879 is divided by 7149?
549
What is the remainder when 873841 is divided by 1566?
13
Calculate the remainder when 1165735 is divided by 388576.
7
Calculate the remainder when 19589892 is divided by 1906.
24
What is the remainder when 448294 is divided by 956?
886
What is the remainder when 2116716 is divided by 705571?
3
Calculate the remainder when 325528 is divided by 161861.
1806
What is the remainder when 8613515 is divided by 172?
99
What is the remainder when 9099 is divided by 1971?
1215
What is the remainder when 11705993 is divided by 83?
5
Calculate the remainder when 2639785 is divided by 2042.
1521
What is the remainder when 15936039 is divided by 6665?
24
Calculate the remainder when 279723 is divided by 222.
3
Calculate the remainder when 518745 is divided by 448.
409
What is the remainder when 485271 is divided by 10480?
3191
What is the remainder when 39318 is divided by 19539?
240
Calculate the remainder when 10524 is divided by 1664.
540
Calculate the remainder when 836087 is divided by 73.
18
What is the remainder when 7095896 is divided by 124?
120
Calculate the remainder when 318225 is divided by 53035.
15
What is the remainder when 740903 is divided by 2646?
23
Calculate the remainder when 142389154 is divided by 2.
0
Calculate the remainder when 5358929 is divided by 431.
306
Calculate the remainder when 9461092 is divided by 9.
4
Calculate the remainder when 165151 is divided by 164941.
210
What is the remainder when 114142 is divided by 18989?
208
What is the remainder when 182487 is divided by 6540?
5907
Calculate the remainder when 310270 is divided by 6206.
6176
Calculate the remainder when 3545911 is divided by 7.
5
Calculate the remainder when 36979 is divided by 209.
195
What is the remainder when 94529360 is divided by 6103?
6096
Calculate the remainder when 341257 is divided by 698.
633
Calculate the remainder when 586242 is divided by 83.
13
What is the remainder when 191234081 is divided by 61?
57
What is the remainder when 87151 is divided by 87053?
98
What is the remainder when 63026169 is divided by 2100872?
9
What is the remainder when 10733558 is divided by 1578?
2
Calculate the remainder when 1750420 is divided by 12503.
0
Calculate the remainder when 1758864963 is divided by 2404.
2403
Calculate the remainder when 13589 is divided by 2324.
1969
What is the remainder when 647595 is divided by 118?
11
What is the remainder when 10719 is divided by 3168?
1215
Calculate the remainder when 2181798 is divided by 1821.
240
What is the remainder when 1767467 is divided by 6?
5
Calculate the remainder when 157354 is divided by 592.
474
Calculate the remainder when 17054329 is divided by 12.
1
Calculate the remainder when 312387 is divided by 100774.
10065
Calculate the remainder when 1093287 is divided by 136619.
335
What is the remainder when 1062088 is divided by 1443?
40
Calculate the remainder when 7806108 is divided by 51696.
12
Calculate the remainder when 68659 is divided by 68579.
80
What is the remainder when 3454977 is divided by 172725?
477
What is the remainder when 1046848200 is divided by 1847?
1846
What is the remainder when 6182846 is divided by 1205?
1196
Calculate the remainder when 13983 is divided by 245.
18
What is the remainder when 576285 is divided by 97?
8
Calculate the remainder when 9302434 is 